1865 a composite number?
True
Let c(f) = -3 - 1 - 2*f**3 - 31*f**2 + 3*f**3 + 40*f**2 - 19*f. Is c(-9) a prime number?
True
Let t(k) = 163*k + 45. Let w be t(22). Suppose -3*v + w = -10532. Is v composite?
False
Suppose 7*m - 2669 + 8997 = 0. Is 1/(-4 + (-3624)/m) a composite number?
False
Suppose -130491 + 1554407 = 52*q. Is q prime?
False
Let t be 1 + (-2 + 5 - 0). Let p be (-112)/(t/(-4)*-1). Let s = 303 + p. Is s a composite number?
False
Let c be (-4 - -1) + 1676 - (1 + 3). Let g = c + -1137. Suppose -6*l = -302 - g. Is l a composite number?
False
Suppose -v + 5*x + 38 - 53 = 0, -v = 3*x - 9. Suppose v = -u - 17*u + 77778. Is u prime?
False
Let w = 275665 - 194156. Is w prime?
True
Let k(s) = 320*s + 11. Let p be k(15). Let g = p + -1452. Is g a composite number?
False
Let c(n) = -n**3 - 8*n**2 + 2*n + 18. Suppose -w + 5 = 0, 13 = -u + 3*w - 10. Let k be c(u). Suppose 0 = b + k*b + 6, 3*g = -2*b + 227. Is g a composite number?
True
Suppose 4*u = 0, -7*m + 2*u = -4*m + 3657. Let w be (-76)/418 + (-2)/((-22)/m). Let i = w + 126. Is i a composite number?
True
Let q(d) = d**3 + 4*d**2 + d - 6. Let k be q(-3). Suppose -i = -2*i + 5*r + 1636, 4*i - r - 6563 = k. Is i a prime number?
False
Let m be (-2)/10 - (-42202)/10. Suppose -11*o + 118 = 3*o + 34. Suppose -2*f - m = -o*f. Is f prime?
False
Let k = 307914 + -98521. Is k prime?
True
Let j = 475335 - 146362. Is j a composite number?
True
Let u = -12682 + 33168. Is u a composite number?
True
Let q(z) = 39092*z - 1797. Is q(4) a composite number?
False
Let s(m) = 125*m**2 - 34*m + 37. Let c be (40/12)/((-8)/(-24)). Is s(c) prime?
True
Let p = -173583 - -361850. Is p a prime number?
False
Let j be (4 + -1 + 4)*-1. Let x(p) = 2*p**2 + 11*p + 3. Let c be x(j). Suppose 1185 = 29*a - c*a. Is a a prime number?
False
Let n be (-6)/33 - (-4)/(44/57). Suppose -65411 = 49*v - 51*v + n*h, 5*h = 15. Is v a prime number?
True
Is (-1511)/2*13/52*-8 prime?
True
Suppose 31*p + 27975 - 236822 = 0. Is p composite?
False
Let l(g) = 2703*g + 70. Let s(q) = 1351*q + 36. Let w(j) = -3*l(j) + 5*s(j). Let t be w(-25). Suppose -3*u + i = -20312, 2*i - t = -5*u - 3*i. Is u composite?
True
Suppose 2*y + 185*u - 188*u = 123244, 4*u + 61637 = y. Is y a prime number?
True
Suppose -221*r = -204*r - 2209031. Is r a prime number?
False
Suppose 11 = q - 2*q - 5*h, -2*q = -2*h - 14. Suppose 6 = -2*p, -3*u - 5*p + 944 = -3064. Is (q/(-12))/((-3)/u) prime?
True
Let n = -38 - -38. Suppose n = -t - 3*t + 5*t. Let c(m) = m**3 + m**2 + m + 97. Is c(t) prime?
True
Let d(h) = 28*h**3 + 8*h**2 - 12. Let j be d(6). Suppose -z - 4739 = -3*l + 4*z, 4*l - 4*z = j. Suppose -1702 = -9*p + l. Is p a composite number?
True
Let y(h) = -h**3 + 2*h**2 + 3*h - 2. Let t be y(2). Suppose -w = -0*w - t*z - 157, -2*z = -10. Is w composite?
True
Let j be 223703/(-136) - (-4)/(-32). Let c = 1114 - j. Is c a prime number?
False
Suppose 5*i - 4*x = 578245, 0 = 4*i - 76*x + 79*x - 462596. Is i composite?
True
Suppose 0 = -7293*s + 7294*s + 1184629 - 3538374. Is s prime?
False
Suppose 44875 = x + 4*x. Let d = x + -1748. Suppose -f - 4*f + 5*o = -9040, 0 = 4*f + o - d. Is f a prime number?
False
Let d = 397 + -57. Let o = d - 149. Is o a prime number?
True
Suppose 0 = 2*w - c - 9, -5*w + 3*c = 4*c - 19. Suppose -9659 = -5*h + 2*a, a - 1937 = -h + w*a. Is h prime?
True
Let l be (-3)/(-4) + 39996/(-16). Let r = -1105 - l. Suppose -2*c - y - 2799 = -4*c, c + 5*y - r = 0. Is c composite?
False
Suppose 5*n - 111 = -3*i, 2*n - 4*i - 5 = 29. Let v = n - 18. Suppose v*a - 314 = a. Is a composite?
False
Suppose -w + 80*o - 6 = 84*o, 0 = 2*w - 5*o - 1. Let h = 1 - -2. Is (h/w)/((-33)/814) composite?
False
Let n = 729178 - -45177. Is n a prime number?
False
Let q be (136/28)/(6/21). Suppose 3*g = a + 11446, 2*a - 719 = 4*g - 23611. Is q/(-34) + a/(-4) prime?
True
Let q(d) = 244*d - 35. Suppose 0 = -u - 4*u - 15. Let k be (-2 - u)*1*(-13)/(-1). Is q(k) composite?
False
Is 2389414/5*((-90)/54)/(2/(-3)) a prime number?
True
Let w(p) = 7*p**3 + p**2 - 2. Let h be w(1). Suppose h*q = 7*q + g - 5201, -5*q + g + 26005 = 0. Is q a prime number?
False
Suppose 5*y + 3*r - 4*r - 18488 = 0, -5*y - 4*r = -18498. Let c = y - 2299. Is c a composite number?
False
Let w = -19671 + 74774. Is w composite?
False
Let c(k) = -2*k**2 + 15*k - 21. Let x be c(5). Suppose -3*q + 3*a + 13428 = 0, q + 4461 = 2*q - x*a. Is q prime?
True
Let q = -19 + 24. Suppose 47 = q*c + 2*l, 5*c - 5*l - 78 + 3 = 0. Is (-8)/(-2) - (-362 - c) a composite number?
True
Let z(c) = 320*c - 315*c + 5 - 2*c**3 + 5*c**3 + 6*c**2 - 4*c**3. Is z(-6) composite?
True
Let i(j) = 5*j**2 + 15*j + 3271. Is i(0) a composite number?
False
Let q(w) = -w**3 + 4*w**2 + 3*w - 5. Let z be q(4). Suppose -k - z*j + 4967 = -5*j, -4*j - 9894 = -2*k. Is k composite?
False
Is -1 - (-10 - (4 - (4 - 393392))) prime?
True
Suppose -40*q + 44*q - 16 = 0. Suppose 3*u - 7962 = -4*m + 5669, 0 = 4*u - q. Is m prime?
True
Suppose 9*r + 88 = -2. Let z be r/(-40) + (-14345)/4. Let h = -1539 - z. Is h a composite number?
True
Let q = -254365 - -397282. Is q a prime number?
False
Let a(n) = n**3 - 5*n**2 + 5*n. Let g be a(4). Suppose v + g = 7. Suppose 4*p - 19920 = -4*b, -b - 9995 = -v*b + 5*p. Is b prime?
False
Let m(f) = -2*f**2 - 13*f + 7. Let v be m(-7). Suppose 3*d = -4*z + 624, v*d + 2*d - 416 = -5*z. Suppose d + 1045 = n. Is n a composite number?
True
Let q be ((-24)/(-14))/(6/42). Suppose -3*y = 13*y + 192. Is 3/q + (-3153)/y composite?
False
Let a(o) = 34*o**2 - 58*o**3 - 38*o**2 + 17*o**3 + 2 + 7. Is a(-4) a prime number?
False
Let w be (-18)/(-99) + (-436)/(-22). Suppose -4*d - 2*s + w = 0, -d + 2*s = -s - 5. Suppose -d*c + 1235 = 2*i - 300, -2*c = -3*i - 614. Is c a prime number?
True
Let u be 36/(-90) + 2147508/20. Suppose 0 = -5*a + 4*t + u, -4*t + 31819 = 4*a - 54117. Is a prime?
False
Suppose 5*r = -x, -3*x = -r + 53 - 5. Let p(w) = w**3 + 16*w**2 + 15*w + 6. Let a be p(x). Is ((-1623)/(-9))/(2/a - 0) a composite number?
False
Let g(x) = 54039*x**2 + 139*x + 137. Is g(-1) composite?
False
Is 3*((-442)/39 + 11) + 430*1839 a composite number?
True
Let i = -60442 - -87081. Is i composite?
True
Let g(p) = p**2 - p - 10. Let o(y) = 2*y**2 - 3*y - 20. Let v(t) = -5*g(t) + 3*o(t). Let w be v(6). Is ((-3315 - -1)/w)/(3/(-3)) a prime number?
True
Suppose 0 = 121*o - 124*o + p + 2021438, -4*o = 5*p - 2695257. Is o a composite number?
True
Suppose -3*j = 3*x - 2*j - 82830, 2*x - 4*j = 55234. Is x a composite number?
False
Let g(l) be the second derivative of 5/6*l**3 + 0 - l + 35/12*l**4 + 27/2*l**2. Is g(7) a composite number?
False
Let z(q) = q**3 + 2*q**2 + 12*q + 6. Let b(y) = 3*y**2 + y + 8*y + 2*y + 5 - 3*y**3 + 4*y**3. Let w(x) = -3*b(x) + 2*z(x). Is w(-10) prime?
True
Suppose 2*l - 9 = -h, 3 = 4*h - 2*h - l. Let d(o) = 126*o + 8. Let a(n) = 253*n + 16. Let f(i) = h*a(i) - 7*d(i). Is f(-11) composite?
True
Let j(a) = 3*a**3 - 4*a**2 - 5*a + 2. Let u be j(5). Let q = 3455 - 3376. Suppose u = c - q. Is c a prime number?
True
Let h(v) = v**3 - 8*v**2 + 15*v - 5. Let m be h(6). Let t(x) = 5*x**3 + m + 3*x - 2*x**3 - 7*x**3 + 17*x**3 + 4*x**2. Is t(4) a composite number?
True
Suppose 2*a - 5*l - 237 - 952 = 0, -1196 = -2*a - 2*l. Suppose 0 = -5*h + h + 4*m - 612, 0 = 4*h - m + a. Let k = 43 - h. Is k a prime number?
True
Is (-3006 - -3012)/((-1)/((-383998)/12)) a prime number?
True
Let f = -40556 - -131667. Is f a prime number?
False
Let q be -4 + 2 - (-3)/((-12)/32). Let j be (-1 - 2)/(6/q). Is (-165 - -2)/(j/(-25)) prime?
False
Suppose 131*b - 27*b = 23450993 + 15080487. Is b a composite number?
True
Suppose 8*d = -2*t + 5*d + 153, -2*d = 2*t - 150. Is 2*(-4)/t - (-603996)/54 prime?
False
Let h(t) = -t**3 - 7*t**2 - 7*t - 4. Let q be h(-6). Suppose 2*g + q*g = 9*g. Suppose g = -8*v + 13*v - 265. Is v a composite number?
False
Suppose -6*u + 13*u - 28 = 0. Is (3 - 1094/6)/(u/(-6)) a composite number?
False
Is -60 - (-10 - 43) - 143083*4/(-2) a prime number?
False
Let d = 20015 - 572. Suppose 0 = 14*c - 10195 - d. Is c a prime number?
False
Let m(n) = 34*n**2 - 2*n + 13. Suppose 0 = 4*y - 7*w + 3*w - 296, -5*y + 2*w = -364. Let p = -78 + y. Is m(p) prime?
True
Suppose -2*c + 320057 = -4*q + 1183843, c = 5*q - 1079728. Is q composite?
True
Let u